, 37, 8570813
List the prime factors of 98608309.
19, 1559, 3329
What are the prime factors of 58798284?
2, 3, 4899857
What are the prime factors of 996447222?
2, 3, 37, 1496167
What are the prime factors of 10333308?
2, 3, 861109
List the prime factors of 67017439.
101, 663539
List the prime factors of 3624613931.
79, 45881189
What are the prime factors of 26331422?
2, 13, 397, 2551
What are the prime factors of 172752281?
13, 53, 157, 1597
List the prime factors of 2653802294.
2, 11, 13, 9279029
List the prime factors of 133061271.
3, 7, 103, 227, 271
What are the prime factors of 1100952592?
2, 23, 2991719
List the prime factors of 13293458.
2, 691, 9619
List the prime factors of 479587325.
5, 7, 151, 18149
What are the prime factors of 971868665?
5, 17, 79, 144731
List the prime factors of 93916268.
2, 23, 29, 35201
What are the prime factors of 2884477836?
2, 3, 67, 3587659
What are the prime factors of 208303616?
2, 41, 9923
List the prime factors of 1064657850.
2, 3, 5, 2389, 2971
What are the prime factors of 12982609?
41, 316649
List the prime factors of 87299760.
2, 3, 5, 17, 21397
List the prime factors of 459945300.
2, 3, 5, 601, 2551
List the prime factors of 221271400.
2, 5, 7, 61, 2591
List the prime factors of 183945030.
2, 3, 5, 23, 266587
List the prime factors of 3426872930.
2, 5, 13, 47, 560863
List the prime factors of 238719471.
3, 79573157
What are the prime factors of 2907749108?
2, 11, 1019, 64853
What are the prime factors of 175572022?
2, 17, 5163883
What are the prime factors of 183458794?
2, 19, 4827863
List the prime factors of 9355769.
31, 89, 3391
What are the prime factors of 33435532?
2, 13, 17, 109, 347
What are the prime factors of 658893663?
3, 347, 70327
What are the prime factors of 3592693?
13, 43, 6427
List the prime factors of 2511003880.
2, 5, 7, 11, 815261
What are the prime factors of 542588664?
2, 3, 2003, 11287
What are the prime factors of 683655853?
19, 41, 61, 14387
What are the prime factors of 477455104?
2, 7, 19, 37, 379
List the prime factors of 77010903.
3, 337, 25391
What are the prime factors of 2823852977?
11, 256713907
What are the prime factors of 34217247?
3, 41, 283, 983
List the prime factors of 36572159.
13, 509, 5527
List the prime factors of 13497018.
2, 3, 1153, 1951
What are the prime factors of 338232427?
13, 59, 71, 6211
What are the prime factors of 119771882?
2, 59885941
What are the prime factors of 9001308?
2, 3, 53, 14153
List the prime factors of 1910447670.
2, 3, 5, 131, 486119
List the prime factors of 2787623662.
2, 1393811831
What are the prime factors of 363387809?
363387809
What are the prime factors of 2857455986?
2, 7, 11, 18554909
What are the prime factors of 16916132?
2, 23, 183871
List the prime factors of 423417744.
2, 3, 2940401
List the prime factors of 165989794.
2, 29, 1627, 1759
List the prime factors of 61320877.
29, 37, 57149
List the prime factors of 557036430.
2, 3, 5, 18567881
What are the prime factors of 6997415?
5, 19, 73, 1009
List the prime factors of 5158431492.
2, 3, 29, 643, 23053
List the prime factors of 7788777.
3, 541, 4799
What are the prime factors of 659885267?
43, 15346169
List the prime factors of 4051656376.
2, 17, 1747, 17053
What are the prime factors of 3031412451?
3, 1010470817
List the prime factors of 2927992928.
2, 7, 37, 401, 881
What are the prime factors of 8060864?
2, 7, 19, 947
List the prime factors of 82901050.
2, 5, 97, 17093
List the prime factors of 36231306.
2, 3, 6038551
What are the prime factors of 235285823?
235285823
List the prime factors of 33692001.
3, 7, 1604381
List the prime factors of 789012402.
2, 3, 131502067
What are the prime factors of 1247395105?
5, 11, 22679911
What are the prime factors of 137386181?
107, 1283983
What are the prime factors of 11670200?
2, 5, 23, 43, 59
What are the prime factors of 15738993?
3, 1748777
List the prime factors of 149052703.
59, 2526317
What are the prime factors of 62862200?
2, 5, 257, 1223
What are the prime factors of 28186398?
2, 3, 1565911
What are the prime factors of 2321564151?
3, 857, 902981
What are the prime factors of 1559306047?
13, 71, 129953
List the prime factors of 3381039335.
5, 31, 53, 411569
List the prime factors of 204948269.
19, 10786751
List the prime factors of 6109976720.
2, 5, 4451, 17159
List the prime factors of 186598028.
2, 2161, 21587
List the prime factors of 84147006.
2, 3, 41, 342061
List the prime factors of 5480177001.
3, 13, 17, 181, 45667
List the prime factors of 873717386.
2, 67, 6520279
List the prime factors of 98064489.
3, 1433, 22811
List the prime factors of 63634966.
2, 31817483
List the prime factors of 796046575.
5, 883, 36061
What are the prime factors of 3024489547?
29, 181, 576203
What are the prime factors of 1247392293?
3, 7, 2311, 25703
What are the prime factors of 22552451?
1049, 21499
What are the prime factors of 598940274?
2, 3, 31, 89, 97, 373
List the prime factors of 229999487.
229999487
List the prime factors of 537901836.
2, 3, 79, 567407
What are the prime factors of 237993885?
3, 5, 5288753
List the prime factors of 71705801.
499, 143699
What are the prime factors of 624874430?
2, 5, 62487443
What are the prime factors of 375328011?
3, 1409, 88793
List the prime factors of 154598111.
23, 563, 11939
List the prime factors of 294457888.
2, 2293, 4013
List the prime factors of 33156365.
5, 11, 139, 4337
List the prime factors of 1257251138.
2, 11, 13, 4395983
What are the prime factors of 93626334?
2, 3, 461, 3761
List the prime factors of 9932014.
2, 4966007
What are the prime factors of 300911280?
2, 3, 5, 631, 1987
List the prime factors of 623696235.
3, 5, 37, 1123777
What are the prime factors of 941552936?
2, 117694117
List the prime factors of 70057522.
2, 19, 1843619
What are the prime factors of 155488477?
17, 9146381
What are the prime factors of 72888305?
5, 7, 47, 59, 751
What are the prime factors of 764881561?
17, 2646649
What are the prime factors of 748395636?
2, 3, 19, 3282437
List the prime factors of 2322005745.
3, 5, 109, 449, 3163
What are the prime factors of 1908947023?
1908947023
What are the prime factors of 31217725?
5, 7, 11, 16217
List the prime factors of 91427529.
3, 5393, 5651
What are the prime factors of 4408240978?
2, 2204120489
What are the prime factors of 6352585629?
3, 13, 6397, 25463
What are the prime factors of 31449330?
2, 3, 5, 11, 10589
List the prime factors of 36633502.
2, 18316751
List the prime factors of 21252834.
2, 3, 393571
List the prime factors of 75397251.
3, 25132417
What are the prime factors of 148574132?
2, 7, 5306219
What are the prime factors of 1523594700?
2, 3, 5, 1692883
List the prime factors of 324057813.
3, 83, 1301437
List the prime factors of 5426470463.
11981, 452923
What are the prime factors of 196897578?
2, 3, 32816263
What are the prime factors of 1161827199?
3, 13, 3310049
List the prime factors of 683489011.
293, 1373, 1699
List the prime factors of 23758478.
2, 1249, 9511
What are the prime factors of 2577117541?
523, 4927567
What are the prime factors of 17070976?
2, 13, 10259
List the prime factors of 35887639.
173, 207443
List the prime factors of 2913932648.
2, 11, 41, 73421
What are the prime factors of 4136346881?
137, 30192313
What are the prime factors of 71313205?
5, 2551, 5591
What are the prime factors of 646168941?
3, 11, 71, 30643
List the prime factors of 225460394.
2, 41, 353, 7789
What are the prime factors of 53113595?
5, 173, 61403
List the prime factors of 153492906.
2, 3, 7, 19, 192347
What are the prime factors of 1570033490?
2, 5, 157003349
What are the prime factors of 8802824005?
5, 1760564801
What are the prime factors of 16673196?
2, 3, 1389433
List the prime factors of 32051698.
2, 7, 17, 137, 983
List the prime factors of 238654643.
71, 3361333
What are the prime factors of 48305224?
2, 11, 97, 5659
What are the prime factors of 13790737?
13790737
What are the prime factors of 333459?
3, 7, 67, 79
What are the prime factors of 162597988?
2, 7, 5807071
List the prime factors of 55397687.
55397687
What are the prime factors of 24198088?
2, 419, 7219
What are the prime factors of 103207286?
2, 7, 13, 181, 241
What are the prime factors of 3525041276?
2, 881260319
List the prime factors of 9403